me?
True
Let j be (-256)/14 - ((-32)/(-28))/(-4). Is 20460/2 - j/18 a composite number?
True
Suppose -x = -3*b - 43 - 1444, 0 = -5*x - 5*b + 7395. Is x composite?
False
Let c be -1 + (-9)/(-6) + (-7)/(-2). Suppose -c*h = -2815 + 903. Let z = h - 299. Is z a composite number?
False
Let k = 9 + -5. Let b be (-2 - k)*5/(-13 + -2). Suppose 41 = b*q + 3*i, 5*q - 87 = 3*i + 5. Is q a prime number?
True
Let b(n) = -2*n**2 + n - 1. Let q(m) = 59*m**2 - 20*m - 14. Let j(s) = -b(s) + q(s). Is j(-6) composite?
False
Suppose -83*w = -96*w + 21775159 - 356372. Is w prime?
True
Suppose -18975672 = 175*i - 112396097. Is i a composite number?
False
Let s = 8546 - 3335. Let q = -1912 + s. Is q composite?
False
Let h = 329 + -394. Let o = 944 - h. Is o prime?
True
Let r(j) = -5*j**2. Let l be r(1). Let i(u) = -12*u**2 + 5*u - 32. Let y(n) = 11*n**2 - 6*n + 33. Let d(w) = -7*i(w) - 6*y(w). Is d(l) a composite number?
True
Let f be 4/(2*(-1)/12). Let s = 24 + f. Suppose -p + 1627 = 3*n - s*p, -5*n + 2717 = 3*p. Is n a composite number?
False
Let z = 23782 - -8169. Is z a composite number?
True
Suppose -5*y + d = -16, 4*y = -4*d - 0*d + 32. Suppose m + 1 = 3*j, -6*m + y*m + 9 = 5*j. Is (1624/(-32))/(j/(-4)) a composite number?
True
Let i be (3 - 85/15)*-30. Let c = -98 + i. Is (-20066)/(-6) + 24/c composite?
False
Suppose -q + c + 15 = -21, 5*q + c = 156. Suppose 95683 = q*x - 31*x. Is x composite?
True
Let x(j) = j**2 + 14*j + 39. Let y be x(-5). Let i(d) = -2118*d - 41. Is i(y) prime?
False
Is ((-3)/(-6))/(2/5675932) a prime number?
True
Is -12 + (10 - (-13 + -14940)) prime?
True
Let m(r) = 5*r**3 + 24*r**2 - 83*r - 157. Is m(28) a composite number?
True
Let z(h) = -h**3 - 8*h**2 + 14*h + 23. Suppose -8*v = 68 + 76. Is z(v) composite?
False
Let l = -111706 - -161369. Is l a composite number?
False
Let u = 112 - 107. Suppose -u*l + 1503 = -152. Is l composite?
False
Let z(b) = 6*b + 2. Let h be z(-2). Let g(u) = 2*u**2 + 13*u + 17. Is g(h) prime?
False
Let n(x) = 1 - 6 + 5*x - 6 - 3*x. Let b be n(4). Is (-598)/(-4) - b/(-6) a composite number?
False
Suppose 0 = 3*u + 3*p - 3, 4 = 5*u + 2*p - 4. Suppose -4*k = -2*c - 3*c - 33, 3*k - 42 = -u*c. Let l(m) = m**3 - 8*m**2 + 4*m + 9. Is l(k) composite?
True
Let d = 294 + 2221. Suppose 5*x = d + 2920. Is x a prime number?
True
Suppose -18165 = 4*h - 106865. Suppose -13312 = -9*v + h. Is v a composite number?
False
Suppose 0 = -36*c - 26 + 98. Suppose c*r + 1057 = -5*n + 14770, -2*n + 4*r + 5466 = 0. Is n prime?
True
Is (-166030 - 1)*((-6)/(-11) + 646/(-418)) a prime number?
True
Suppose 0 = 5*o - 87 + 127. Let r(n) = 92*n**2 - 29*n + 1. Is r(o) prime?
True
Suppose -22802 = -5*k + 40718. Suppose -r + 3153 = -2*x - 3*x, 4*r = -3*x + k. Is r a composite number?
True
Let l be (-2)/(-3) + 22552/12. Let r = 4653 - l. Is r prime?
False
Is ((-788965)/(-35))/((-25)/(-175)) prime?
True
Suppose 0 = 141*b - 81536708 - 36164593. Is b a prime number?
True
Suppose 4*a - 538391 = 5*u, -2*a + 162479 + 106722 = 3*u. Is a a prime number?
False
Suppose 0 = -3*i - 790 - 1013. Let l = 959 + i. Is l composite?
True
Suppose 9053 - 315332 = -38*t + 29*t. Is t a composite number?
False
Let i be (6 - 2) + 32 + 0. Let n be (-10)/(-2)*i/45. Suppose -n*v + 6376 = 4*v. Is v a composite number?
False
Let s be (-1)/(-8) - 10/(640/968). Is (-6)/s + -172442*(-18)/60 a prime number?
False
Suppose -5*c - 4*i - 56861 = 21911, -2*c = 4*i + 31516. Let v = -8576 - c. Suppose 3*s - 4*u - v = -s, -3*s = 4*u - 5417. Is s a composite number?
True
Suppose 47*b - 13 = 46*b. Suppose -b*c + 9975 = -5287. Is c prime?
False
Let p(h) = -598*h - 102 - 100 + 230. Is p(-3) composite?
True
Let z be ((-6)/(-8))/(-9 + 284/32). Let f(w) = 2*w + 25 + 3*w**2 - w**2 + w**2. Is f(z) a composite number?
True
Is -4 + 273836 - (27 - 30) a prime number?
False
Let i(n) = 4*n - 8. Let c be i(-22). Is c/(-24) - (-31542 - (-2 - -5)) a composite number?
True
Suppose -9*k + 11 = -8*k. Suppose -2*f + k*f = 36. Suppose -1401 = -5*j + f*j - 2*t, 2*t = 5*j - 6993. Is j prime?
True
Suppose 2*x = -2, 1973 + 20056 = 2*f + x. Suppose -125*t + 130*t = f. Is t composite?
False
Is 42143696/448*8/2 a prime number?
True
Let k = 77479 - -66232. Is k composite?
False
Let l(m) = -237*m - 61. Let j = -328 + 322. Is l(j) a prime number?
True
Suppose 2*t = 8 - 0. Let h be -10*(-2)/2 - t. Let v(y) = 22*y**2 - y + 1. Is v(h) a composite number?
False
Let z = -343 + 347. Is (-3229)/(z/(-48)*4) a composite number?
True
Suppose -b - 40 + 43 = 0. Suppose 1960 = -0*h + 4*h - b*p, p + 4 = 0. Is h a composite number?
False
Let m = 15 + -4. Let n(i) = 66*i + 18. Let a be n(m). Let r = 1243 - a. Is r a composite number?
False
Let t be (1*687/(-4))/(1/(-4)). Let s = 383 - t. Let x = s + 783. Is x composite?
False
Let b be 1 + 2 + (2 + -3)/1. Suppose -3*t + 6637 = -b*t. Is t prime?
True
Let b = -136 + 138. Suppose -w + 4*c - 6 = -291, b*w + 5*c = 596. Is w a prime number?
True
Suppose t - 4*t = -2*m - 3, -5*t = -3*m - 6. Is 14502/m + -1 + (3 - 1) a composite number?
True
Let j(s) = -2*s**2 + 11*s - 1. Suppose -14 = -7*m + 21. Let q be j(m). Suppose n - q*b - 553 = -3*b, -2*b + 1110 = 2*n. Is n a prime number?
False
Let d be (-1888)/24*102/(-4). Suppose -p = 2*w - d, -4*w - 5*p + 3942 + 70 = 0. Is w prime?
False
Let z = 7837 + -4766. Let d(k) = -k**2 + 6*k + 6. Let y be d(6). Suppose y*j - z - 1855 = 0. Is j a prime number?
True
Let f(c) = 63*c - 35. Let p(j) = 32*j - 17. Let n(l) = 2*f(l) - 5*p(l). Let q be n(-13). Suppose -d + 3*h - h + q = 0, -1421 = -3*d - 4*h. Is d prime?
True
Suppose 5*f = -3*u + 186021, -2*f + 74400 = -3*u - 0*u. Is f composite?
True
Suppose 2*c - 7*c - o = -570, -4*o = -2*c + 228. Let z = 653 - c. Suppose -2*d - z = -9*d. Is d composite?
True
Let y be 1/((-30)/(-12)) + (-6)/15. Is -2*(1 - y)*(-26362)/28 prime?
False
Let p = 49429 - -17121. Suppose 4*j + 3*n = -p + 192378, 3*j = -3*n + 94374. Is j a prime number?
False
Let r be (-1778)/((-2)/10 - 21/(-30)). Let u = r + 2273. Let c = -804 - u. Is c a composite number?
False
Let h = -30641 - -68372. Is h composite?
True
Suppose 3*n + b = 1284862, -b - 2141434 = 107*n - 112*n. Is n composite?
True
Let i = -9772 + 21155. Is i prime?
True
Let p be 1161/(-2) - 8/(-16). Let q be ((-14)/35)/(2/p). Suppose 5*g = -w + q, 0*w = -4*w + 5*g + 589. Is w a prime number?
False
Let w(j) be the second derivative of 887*j**5/20 + j**4/12 + j**3/6 - j**2 - j. Let k be ((-5)/20)/(-1)*4. Is w(k) prime?
True
Let v(k) = -23764*k - 100. Let d be v(-7). Is d/(-120)*(-5)/3 a composite number?
False
Suppose -8*t + 7*t - u + 34644 = 0, 5*t - 2*u - 173171 = 0. Is t composite?
True
Suppose -20 - 4 = 2*j. Let c(k) = 2*k + 27. Let v be c(j). Is (-4 + v)/(128/(-127) - -1) composite?
False
Let y(a) = -16*a**2 + 24*a + 4. Let i be y(3). Is (214/3)/(i/(-5406)) a prime number?
False
Let r(k) = k**2 + 21*k - 193. Let b be r(7). Suppose 113481 = b*u + l - 4*l, 5*u = 4*l + 189139. Is u a composite number?
False
Let v = 220093 + -130532. Is v composite?
False
Suppose 0 = 5*k - 7 - 143. Suppose 4*a - 9 = 2*j + 11, -4*j - 2*a = k. Let f(l) = l**3 + 9*l**2 + 2*l + 11. Is f(j) prime?
True
Let o(a) = -a**2 + 13*a + 40. Let y be o(15). Let s(u) = 2*u**3 - u**2 - 4*u + 5. Is s(y) composite?
True
Let u = 46 + -79. Let c = u - -36. Suppose -c*o + 451 = 4*a, 510 + 138 = 4*o - 4*a. Is o a prime number?
True
Suppose -j + 627 + 475 = 2*n, 2*n = -3*j + 1094. Suppose -5*y - 2*z + n = 0, y - 115 = -2*z + 6*z. Is y a composite number?
True
Let g(m) = 2106*m**2 + 142*m + 9. Is g(8) a prime number?
True
Let j(g) = -312*g - 52. Let m be j(-12). Suppose -2*d + 80482 = -m. Suppose 0 = 16*r + 9239 - d. Is r a prime number?
True
Let z be -2*2/12*0. Suppose z = -3*h - 2*t + 16309, 7*t - 4*t = 5*h - 27150. Is h a prime number?
False
Suppose -7*s + 3*s + 403677 = 5*q, 0 = -4*q + s + 322950. Is q prime?
True
Let m be (8 + (1 - 8))*-1. Is -3*9/54*(-81733 + m) composite?
False
Is (9/((-432)/(-32)))/(2/127527) a prime number?
True
Let r = -26730 + 134039. Is r prime?
True
Let w = 1658 + -1133. Suppose -2*h - 3*h + w = 0. Suppose -366 = -3*k + h. Is k a prime number?
True
Let a(k) = k**2 + k - 2705. Let j be a(0). Suppose -8 + 22 = -7*u. Is j/(-10)*u*-1 composite?
False
Let v(p) = -p**3 - 3*p**2 + 15*p - 14. Let k be 